 (-2)/((2/u)/2) is divided by 14?
12
Let q(v) = -18*v**2 - 33*v**3 - 2*v + 44 + 61*v**3 - 27*v**3. What is the remainder when 16 is divided by q(18)?
0
Let n(c) = -2*c**2 + 27*c + 16. Let a be n(14). Suppose -a*w - t = 2*t - 145, -4*w + 335 = -3*t. Calculate the remainder when w is divided by 21.
17
Calculate the remainder when 11/(((-15)/(-590))/3) is divided by 13.
11
Calculate the remainder when ((-27)/(-21) - 1) + (-649)/(-7) is divided by 18.
3
Let l = 60 + -22. Suppose -130 + 31 = -4*r + 5*d, 3*d = -5*r + 96. Let n = -11 + r. What is the remainder when l is divided by n?
8
Let p(b) = -5*b**3 + 5*b**2 + 2*b - 1. Let z(u) = 10*u**3 - 9*u**2 - 4*u + 2. Let a(h) = -11*p(h) - 6*z(h). Calculate the remainder when a(-2) is divided by 17.
14
Let l(a) = -a + 4. Let v be l(5). Let i be 24/(-2) + (0 - v). Let b(j) = -3*j - 2. What is the remainder when b(i) is divided by 8?
7
Suppose -262*q + 256*q + 2412 = 0. Calculate the remainder when q is divided by 31.
30
Let f be (-4)/(-1*2/3). Suppose -r + 53 = f. Suppose -2*o + 34 = -14. What is the remainder when r is divided by o?
23
What is the remainder when 87 is divided by (-3*22/(-33))/(2/35)?
17
Let v be -4*(-2)/36 - (-2444)/18. Suppose 0 = 3*t + 2*t - 1020. Suppose 5*k - v = t. Calculate the remainder when k is divided by 35.
33
Suppose -2*i + 19 = -5*v, i - 2*i - 5*v = -2. Let o(p) = -5*p**2 - 19*p + 37. Calculate the remainder when o(-4) is divided by i.
5
Let k(n) = -n + 93. Calculate the remainder when 135 is divided by k(36).
21
Calculate the remainder when 28 is divided by 8/10*(15 + 15/3).
12
Let g(y) = 9*y - 4. Let j be g(4). Let w = j + 0. Let l = -20 + w. What is the remainder when 46 is divided by l?
10
Suppose 25 - 255 = -5*s. Calculate the remainder when 112 is divided by s.
20
Let w be (18/27)/(0 + 4/282). Let r = w - 32. Calculate the remainder when 58 is divided by r.
13
Let s(k) = 5*k**2 + 8*k + 57. Calculate the remainder when s(-7) is divided by 42.
36
Let d(t) = 2*t**3 + 19*t**2 - 8*t - 4. What is the remainder when d(-2) is divided by 3?
0
Let q be 3 - ((-2)/7 + (-108)/(-84)). Calculate the remainder when 199 - ((-10)/(-5) + q) is divided by 33.
30
Let i(c) = c**2 - 44*c - 156. Let d(b) = b**3 - b + 2. Let o be d(0). What is the remainder when i(49) is divided by -3 - -28 - o*1?
20
Suppose -5*n + 39 = -51. Calculate the remainder when 125 is divided by n.
17
Suppose 3*q = 9, 5*x + 5*q - 32 = q. What is the remainder when x is divided by 4?
0
Suppose -40 = 3*f + 2. Let d = 45 + f. What is the remainder when 60 is divided by d?
29
Suppose -373 - 17 = -5*o. What is the remainder when o is divided by (-6)/(-15) - (-1995)/75?
24
Let d(p) = -p**3 + 20*p**2 - 5*p - 194. Calculate the remainder when 212 is divided by d(19).
68
Suppose 10*s - 5*s + 3*n - 49 = 0, 4*s - 3*n - 50 = 0. What is the remainder when 27 is divided by s?
5
Suppose 2*h - 25 = -3*p, 3*p - h - 22 = -6*h. Calculate the remainder when 4/6*3483/54 is divided by p.
7
Let t(j) = j**3 - 6*j**2 - 5*j - 10. Let p be t(7). Suppose q - 5*d = p*q - 2, -4*q = 2*d - 12. What is the remainder when 4 is divided by q?
0
Suppose 12*l + 50 = 17*l. Suppose -52 = -2*c + 18. Let w = c + 3. Calculate the remainder when w is divided by l.
8
What is the remainder when 8 is divided by (-3)/(-4) + (0 - -10)/40?
0
Suppose -d + 2*d + 14 = 0. Let f = -10 - d. Suppose f*k + 18 = 6*k. What is the remainder when 35 is divided by k?
8
Let h(n) = 7*n**3 - n**2 + 3*n - 3. Let p(j) = -2*j + 8 + 3*j**2 - 13 + 6. Let x be p(1). Calculate the remainder when h(x) is divided by 19.
17
Let g(m) = 9*m - 1. What is the remainder when g(4) is divided by 4 - 29/(348/(-180))?
16
Let i(y) = 27*y**2 - 10*y + 11. Let x(s) = 14*s**2 - 5*s + 5. Let a(m) = -6*i(m) + 13*x(m). Calculate the remainder when a(-1) is divided by 10.
4
Suppose -4*v = 5*m - 247, 47 = m - 0*m + 2*v. What is the remainder when 256 is divided by m?
1
Let g(l) = -l**3 + 7*l**2 + 12*l - 65. What is the remainder when 208 is divided by g(7)?
18
Suppose 3*o + 3*x - 265 - 68 = 0, 0 = o + 5*x - 127. Calculate the remainder when o is divided by 18.
17
Suppose -16*g = -12*g - 52. Suppose -2*h - g*h = -1335. What is the remainder when h is divided by 18?
17
Let u = -2692 + 4187. Calculate the remainder when u is divided by 44.
43
Suppose -i + 38 = 2*d, -i - 5*d + 43 = -2*d. Suppose -20 + 8 = -2*z. Let m = i - z. Calculate the remainder when 85 is divided by m.
19
Let a(w) = 8*w - 7. Let d be a(4). What is the remainder when 510/d*(-20)/(-6) is divided by 23?
22
Suppose 22*b + 93 = 1149. Calculate the remainder when 193 is divided by b.
1
Let r = -108 - -114. Let s = 3 + 1. Suppose -r*n + n = -3*a + 74, -s*n - 16 = 0. Calculate the remainder when 51 is divided by a.
15
What is the remainder when (-18595)/(-50) + (-6)/(-60) is divided by 11?
9
Suppose 2*r + 16 = -g + 63, -2*r = 5*g - 243. What is the remainder when 166 is divided by g?
19
Suppose 2*j - 86 = -2. Let a(x) = -x**2 + 13*x + 14. Calculate the remainder when a(10) is divided by (-206)/(-14) + 12/j.
14
Suppose h + 69 = 4*d, -5*d + 2*h + 17 + 73 = 0. Let v = 38 - d. Calculate the remainder when v is divided by 164/14 - (-4)/14.
10
Let m(t) = -t**3 - 10*t**2 - 13*t + 3. Calculate the remainder when 62 is divided by m(-9).
23
Let b(h) be the first derivative of -5*h**2/2 - 7*h - 4. Calculate the remainder when 51 is divided by b(-4).
12
Let t(f) be the first derivative of -7*f**2/2 - 15*f - 11. Suppose 36 = -3*l + 9*l. Calculate the remainder when t(-6) is divided by l.
3
Suppose -3*c + 14 = h + 1, 2*h - 26 = -3*c. Let j(s) = -3*s - 124. Calculate the remainder when h is divided by j(-42).
1
Let a = -1 + -7. Let r = -3 + a. Calculate the remainder when (-40)/(-1) + (r - -8) is divided by 13.
11
Let l = 765 + -690. Calculate the remainder when l is divided by 43.
32
Suppose -2*y + 84 = -2*u, 0*u = -y - u + 46. Let b = y + 2. Calculate the remainder when 273 is divided by b.
43
Let s = -2 + 4. Suppose 2*x - 79 = 5. Suppose -s*b = -0 - x. Calculate the remainder when 81 is divided by b.
18
Let m be 1*-3*(-2482)/(-102). Suppose -c - 2*c = -450. Let w = c + m. What is the remainder when w is divided by 20?
17
Let t(k) = 4*k + 9. Let m be t(14). Suppose 4*o - i - m = 0, 2*o - 2*i = -3 + 31. Calculate the remainder when o is divided by 27/(-6)*(-4)/2.
8
Let g(z) = -2*z**3 + 38*z**2 + z - 9. What is the remainder when g(19) is divided by 3?
1
Suppose q + 5*o - 82 = 0, 3*q + 4*o - 36 = 177. Suppose 18 - 32 = -2*j. What is the remainder when q is divided by j?
4
Suppose 0*l - 4 = -l. Suppose l*n + 3*a - 106 = 0, -a = -3*n - 2*a + 77. Let h(w) = 6*w + 7. What is the remainder when h(7) is divided by n?
24
Let i be ((-120)/9)/(-8)*-3. Let q(u) = u**2 - 5*u - 23. Calculate the remainder when 106 is divided by q(i).
25
Let v(c) = -c**2 - 37*c + 12. Calculate the remainder when v(-8) is divided by 35.
34
Let l(t) = -2*t**2 - 16*t + 23. Calculate the remainder when 211 is divided by l(-5).
52
Let r be (-1218)/(-8) + 1/(-4). Let d = r - -129. Let x = d + -199. What is the remainder when x is divided by 21?
19
Let q = -16 - -55. Let s be 323/(-4) + (-3)/(-4). Calculate the remainder when q is divided by (s/12)/((-2)/3).
9
Suppose 6681 = 5*i - 3*r, -5*i + r + 6693 = 2*r. Suppose 0 = 9*z - i + 195. What is the remainder when z is divided by 26?
23
Let g(u) = -2*u - 3. Let h be 1/((5/3)/(-5)). What is the remainder when g(-5) is divided by (-10)/h*3/2?
2
Let z(q) = 17*q + 75. Let h(b) = 4*b + 19. Let m(k) = -18*h(k) + 4*z(k). What is the remainder when 94 is divided by m(-14)?
10
Suppose 12*h - 19 - 17 = 0. Suppose h*u - 57 = 192. Calculate the remainder when u is divided by 21.
20
Let s(j) = -j. Let u be s(-3). Let y = 4 + u. What is the remainder when 34 is divided by y?
6
Let x(f) = -f**2 - 11*f + 18. Let d(h) = -2*h**2 - 23*h + 37. Let k(q) = 3*d(q) - 7*x(q). Let r = -10 + 20. Calculate the remainder when k(3) is divided by r.
8
Let f(i) = 73*i - 4. What is the remainder when f(1) is divided by 13?
4
Suppose 37 = 4*z - q, 5*z + 13 - 57 = 2*q. Suppose 8*g - 52 = z*g. What is the remainder when 27 is divided by (-4)/g - (-1737)/117?
12
Let i = 297 - 152. Let y(x) = 3*x - 84. Calculate the remainder when i is divided by y(35).
19
Calculate the remainder when (-39